{"id":16,"date":"2023-07-26T08:26:20","date_gmt":"2023-07-26T05:26:20","guid":{"rendered":"https:\/\/ethicalhackers.com.tr\/topluluk\/register\/"},"modified":"2023-07-26T08:26:20","modified_gmt":"2023-07-26T05:26:20","slug":"register","status":"publish","type":"page","link":"https:\/\/ethicalhackers.com.tr\/topluluk\/register\/","title":{"rendered":"Site Kayd\u0131"},"content":{"rendered":"<div id=\"peepso-wrap\" class=\"container-fluid\">\n<!-- PEEPSO WRAPPER -->\n<div class=\"peepso\">\n\t<div class=\"ps-page ps-page--register ps-page--register-main\">\n\t\t<div class=\"psf-register psf-register--main\">\n\t\t\t\n\t\t\t\n\t\t\t<!-- REGISTER FORM -->\n\t\t\t<form name=\"profile-edit\" id=\"profile-edit\"  action=\"https:\/\/ethicalhackers.com.tr\/topluluk\/register\/\"  method=\"POST\"  class=\"ps-form ps-form--register ps-form--register-main cform community-form-validate ps-js-form-register\"  autocomplete=\"off\" ><input type=\"hidden\" name=\"peepso-config-nonce\" value=\"789ae14cf2\"\/><div class=\"ps-form__grid\"><div class=\"ps-form__row ps-form__row--half\"><label id=\"usernamemsg\" for=\"username\" class=\"ps-form__label \">\nKullan\u0131c\u0131 Ad\u0131<span class=\"ps-form__required\">&nbsp;*<\/span><\/label>\n<div class=\"ps-form__field \"><input  type=\"text\" name=\"username\" id=\"username\"  class=\"ps-input username required minlen:2 maxlen:50 custom \" title=\"\u0130stedi\u011finiz kullan\u0131c\u0131 ad\u0131n\u0131 girin\"  required  \/><div class=\"ps-form__field-desc lbl-descript\">\u0130stedi\u011finiz kullan\u0131c\u0131 ad\u0131n\u0131 girin<\/div><div class=\"ps-form__error\" style=\"display:none\"><\/div><\/div>\n<\/div><div class=\"ps-form__row ps-form__row--half\"><label id=\"emailmsg\" for=\"email\" class=\"ps-form__label \">\nEmail<span class=\"ps-form__required\">&nbsp;*<\/span><\/label>\n<div class=\"ps-form__field \"><input  type=\"email\" name=\"email\" id=\"email\"  class=\"ps-input email required maxlen:320 \" title=\"Email adresinizi giriniz\"  required  \/><div class=\"ps-form__field-desc lbl-descript\">Email adresinizi giriniz<\/div><div class=\"ps-form__error\" style=\"display:none\"><\/div><\/div>\n<\/div><div class=\"ps-form__row ps-form__row--half\"><label id=\"passwordmsg\" for=\"password\" class=\"ps-form__label \">\n\u015eifre<span class=\"ps-form__required\">&nbsp;*<\/span><\/label>\n<div class=\"ps-form__field \"><input type=\"password\" name=\"password\" id=\"password\"  class=\"ps-input password required\" title=\"\u0130stedi\u011finiz \u015fifreyi girin\"  required  \/><span id=\"errpassword\" style=\"display:none;\">&nbsp;<\/span><div class=\"ps-form__field-desc lbl-descript\">\u0130stedi\u011finiz \u015fifreyi girin<\/div><div class=\"ps-form__error\" style=\"display:none\"><\/div><\/div>\n<\/div><div class=\"ps-form__row ps-form__row--half\"><label id=\"password2msg\" for=\"password2\" class=\"ps-form__label \">\n\u015eifreyi Do\u011frulay\u0131n<span class=\"ps-form__required\">&nbsp;*<\/span><\/label>\n<div class=\"ps-form__field \"><input type=\"password\" name=\"password2\" id=\"password2\"  class=\"ps-input password required\" title=\"L\u00fctfen \u015fifrenizi tekrar girin\"  required  \/><span id=\"errpassword2\" style=\"display:none;\">&nbsp;<\/span><div class=\"ps-form__field-desc lbl-descript\">L\u00fctfen \u015fifrenizi tekrar girin<\/div><div class=\"ps-form__error\" style=\"display:none\"><\/div><\/div>\n<\/div><input type=\"hidden\" name=\"task\" value=\"-register-save\" \/>\n<input type=\"hidden\" name=\"-form-id\" value=\"ff2a9e8ec2\" \/>\n<input type=\"hidden\" name=\"authkey\" value=\"\" \/>\n<div class=\"ps-form__row ps-form__row--checkbox\"><label id=\"termsmsg\" for=\"terms\" class=\"ps-form__label \">\nKabul Ediyorum <a href=\"https:\/\/ethicalhackers.com.tr\/topluluk\/terms-conditions\/\" target=\"_blank\" class=\"ps-js-btn-showterms-new-tab\">\u015eartlar ve Ko\u015fullar<\/a><span class=\"ps-form__required\">&nbsp;*<\/span><\/label>\n<div class=\"ps-form__field \"><div class=\"ps-checkbox\"><input class=\"ps-checkbox__input\" type=\"checkbox\" name=\"terms\" id=\"terms\"  required  \/><label class=\"ps-checkbox__label\" for=\"terms\"><\/label><\/div><div class=\"ps-form__error\" style=\"display:none\"><\/div><\/div>\n<\/div><div class=\"ps-form__row ps-form__row--checkbox\"><label id=\"privacymsg\" for=\"privacy\" class=\"ps-form__label \">\nKabul Ediyorum <a href=\"https:\/\/ethicalhackers.com.tr\/topluluk\/privacy-policy\/\" target=\"_blank\" class=\"ps-js-btn-showterms-new-tab\">Gizlilik Politikas\u0131<\/a><span class=\"ps-form__required\">&nbsp;*<\/span><\/label>\n<div class=\"ps-form__field \"><div class=\"ps-checkbox\"><input class=\"ps-checkbox__input\" type=\"checkbox\" name=\"privacy\" id=\"privacy\"  required  \/><label class=\"ps-checkbox__label\" for=\"privacy\"><\/label><\/div><div class=\"ps-form__error\" style=\"display:none\"><\/div><\/div>\n<\/div><div class=\"ps-form__row\"><div class=\"ps-form__field \"><div class=\"ps-form__message\">Y\u0131ld\u0131z (<span class=\"ps-form__required\">*<\/span>) ile i\u015faretlenmi\u015f alanlar zorunludur.<\/div><div class=\"ps-form__error\" style=\"display:none\"><\/div><\/div>\n<\/div><div class=\"ps-form__row ps-form__row--submit\"><div class=\"ps-form__field \"><button type=\"submit\" name=\"submit\"  class=\"ps-btn ps-btn--action\" value=\"Kay\u0131t Ol\" >Kay\u0131t Ol<img decoding=\"async\" src=\"https:\/\/ethicalhackers.com.tr\/topluluk\/wp-content\/plugins\/peepso-core\/assets\/images\/ajax-loader.gif\" style=\"margin-left:10px;display:none\" \/><\/button><div class=\"ps-form__error\" style=\"display:none\"><\/div><\/div>\n<\/div><\/div><\/form>\n\t\t\t\t\t<\/div>\n\t<\/div>\n<\/div><!-- end: PEEPSO WRAPPER -->\n\n<script>\njQuery(function($) {\n    var data = window.peepsodata && peepsodata.register || {},\n        TERMS_TITLE = '\u015eartlar ve Ko\u015fullar',\n        TERMS_TEXT = data.text_terms,\n        PRIVACY_TITLE = 'Gizlilik Politikas\u0131',\n        PRIVACY_TEXT = data.text_privacy;\n\n    $('.ps-js-btn-showterms').on('click', function(e) {\n        e.preventDefault();\n        peepso.dialog(TERMS_TEXT, { title: TERMS_TITLE, wide: true }).show();\n    });\n\n    $('.ps-js-btn-showprivacy').on('click', function(e) {\n        e.preventDefault();\n        peepso.dialog(PRIVACY_TEXT, { title: PRIVACY_TITLE, wide: true }).show();\n    });\n});\n<\/script>\n<\/div>\n","protected":false},"excerpt":{"rendered":"","protected":false},"author":1,"featured_media":0,"parent":0,"menu_order":0,"comment_status":"closed","ping_status":"closed","template":"","meta":{"footnotes":""},"_links":{"self":[{"href":"https:\/\/ethicalhackers.com.tr\/topluluk\/wp-json\/wp\/v2\/pages\/16"}],"collection":[{"href":"https:\/\/ethicalhackers.com.tr\/topluluk\/wp-json\/wp\/v2\/pages"}],"about":[{"href":"https:\/\/ethicalhackers.com.tr\/topluluk\/wp-json\/wp\/v2\/types\/page"}],"author":[{"embeddable":true,"href":"https:\/\/ethicalhackers.com.tr\/topluluk\/wp-json\/wp\/v2\/users\/1"}],"replies":[{"embeddable":true,"href":"https:\/\/ethicalhackers.com.tr\/topluluk\/wp-json\/wp\/v2\/comments?post=16"}],"version-history":[{"count":0,"href":"https:\/\/ethicalhackers.com.tr\/topluluk\/wp-json\/wp\/v2\/pages\/16\/revisions"}],"wp:attachment":[{"href":"https:\/\/ethicalhackers.com.tr\/topluluk\/wp-json\/wp\/v2\/media?parent=16"}],"curies":[{"name":"wp","href":"https:\/\/api.w.org\/{rel}","templated":true}]}}